 -2787).
-120
Evaluate 18 - (-12 - -16) - 63 - (-9 - -6).
-46
What is (424 - 4 - 419) + (0 - 2) + -111?
-112
41 + 13 - (24 - (20 + -13))
37
Evaluate -2 + 35 - (101 - 39 - 66).
37
1 + -2 - (51 + (-85 - -29) + -6)
10
What is the value of 13757 + -13734 - (-28 - -1 - 2)?
52
Calculate (-17 - ((-104 - -90) + (0 - -2))) + -11.
-16
What is 21 + 20 - (9 + 10 + (-15 - -3))?
34
What is the value of (-9 + (-9 - 6) - -14 - (-9 - 2)) + -2?
-1
Calculate 0 + -12 - ((1 - -46 - 38) + -2).
-19
What is the value of -99 - (-37 + (40 - -19) - 42)?
-79
What is 11 + -5 + (9 - 10 - (10 + -4)) + -12?
-13
What is (-17 - -10) + -21 + 8 + 22?
2
Calculate -17 + (23 + -27 - -30) + -6.
3
(-4 - 5) + -13 + -458 + 434
-46
(-13 - (-42 + 25 + -1)) + 29
34
What is the value of (-57 - -56) + (-7 - 34)?
-42
Calculate (-21 - (44 + -74)) + -10.
-1
-5 - (61 - (-16 - -34))
-48
What is (-24 - 2) + 36 - -99 - 38?
71
What is -4 + 11 - (-108 - -111) - -19?
23
What is the value of (24 - 1) + (64 + -58 - 9)?
20
Calculate 3 + (5 - ((8 - 6) + 17)) + 11.
0
Calculate 6 - (-2 + 10) - -15 - (-58 - 2) - 4.
69
Calculate ((6 - -2) + -14 - 7) + 57.
44
What is the value of 5 + 25 + -27 - (8 + -14 - 6)?
15
Calculate 1081 + -1035 + (1 + (-2 - -1) - 11).
35
Calculate 15 - (2 + (22 - 1 - 18)).
10
-55 + 66 + -143 + 133
1
Evaluate (-3 - -30) + -42 - -51.
36
69 + (-120 - 14 - 44)
-109
Evaluate 95 - (59 + 75) - 33.
-72
What is the value of 43 - 124 - (-77 - -32)?
-36
Evaluate (-36 - -58) + -35 - 74.
-87
What is the value of 1 + 51 + (18 - (4 + -20 + 45))?
41
(3 - -5 - 17 - (28 + 6) - 7) + 7
-43
What is 62 + (-25 - (-70 + 57))?
50
(1 - -43) + (-2 - (-65 + 75))
32
(2 - (1 - (-4 - -18) - (-96 + 97))) + -2
14
Calculate (107 - 60) + 122 - 102.
67
What is the value of 66 + -131 - (0 - 1)?
-64
(-3 - (-15 + 30 + -28)) + (-3 - (4 + 65))
-62
-19 + -8 + 2 + 14 + 3 + (1 - 1)
-8
Evaluate (4 - -29) + (-576 - -540).
-3
-3930 - -3914 - (-1 - (-51 - 0))
-66
Evaluate 15 - ((-16 - -4) + (16 - 1 - 1) - -86).
-73
Calculate (-19 - -6) + (-127 - (-48 + -21)).
-71
Calculate 13 + (5 - (33 + -23)).
8
What is 5 + (9 - 75) + -4 + 1 + 14 + 5?
-45
Evaluate 31 - 1 - (201 + -177).
6
Evaluate (98 - 66) + (3 - -7).
42
Evaluate -10 - (32 - (0 + 3 + 4)).
-35
What is 3 - -1 - (-180 + 177)?
7
Evaluate 69 - 88 - (-53 - -3).
31
60 - (-4 - -69) - -63
58
Calculate (-2 + 26 - 1) + (75 - (-34 + 111)).
21
(0 + -16 - (423 - 470)) + 18
49
What is the value of (0 - 14) + 9 - (-42 + (-14 - -12))?
39
-20 - (490 + -481 + (-2 - 1)) - -166
140
What is (79 + -100 - -30) + -1 + -1 + -1 + 31?
37
What is (6 + -11 + -5 - -9) + -11 + 10?
-2
What is the value of (7 - (-22 + 16) - 10) + -43 + -12 - -9?
-43
Evaluate -46 + -36 + 57 - (6 + (-4 - -3)).
-30
(-3866 - -3893) + -27 + 0
0
What is the value of 17 - 34 - -14 - (-2 + -3 + -3 + 72)?
-67
Calculate -158 - -89 - (-27 - -56) - (-20 - -1).
-79
What is -1 + -2 + 36 - (-205 - -198)?
40
Evaluate 1 + (-9 - -6) + 5 + 1 - (8 - -22).
-26
4097 + -4144 + (0 - -32) - (-1 - 70)
56
7 + -45 + 139 - 51
50
What is ((-3 - (1 - 0)) + 0 - -7) + 33?
36
Calculate (-10 - ((8 - -7) + -38)) + -14.
-1
What is -3 - -118 - (2218 - 2061)?
-42
What is the value of 17 + -33 + (-12 + 12 - -2)?
-14
What is the value of -7 + 0 - (1 - ((55 - (-1 + 12)) + -11))?
25
-70 - -4 - (964 + -1001)
-29
-68 + (-19 - (1 + -21) - -13)
-54
What is 42 + ((-32 - -63) + 3 - 9)?
67
What is the value of -20 + -23 + 10 + 37 + 12?
16
What is the value of 3 + 0 + -17 + 7 + 11 + -1 - 38?
-35
Evaluate 22 + 12 + 21 + -68.
-13
What is -4 + 3 - (5 - (-27 + 17) - (2 + -57))?
-71
Evaluate 1148 + -1149 + -2 + 5 + -25.
-23
-20 + (-148 - (-131 + 71))
-108
What is the value of (-15 - -38 - 21) + -2 + (-3 - -2) + -2?
-3
Calculate (-19 - (-3 + -7 - (6 + (-21 - -15)))) + -3.
-12
What is the value of -43 + (-1 - -3) - (72 - (51 - -22))?
-40
Evaluate (22 - 15 - (-9 + 20 + 114)) + 13.
-105
What is -4 + -40 + (-1 - 11) + 29 + 39 + -44?
-32
What is the value of 96 + -53 - (-2 + (-1 - -5) + -8 - 5)?
54
What is the value of (-4 - -13) + (-5 + 16 - (-13 - 40 - 8))?
81
What is the value of -3 - 86 - (4 + (90 - 107) + 12 + 1)?
-89
(78 - 72 - 14) + -1 + 3 + 118
112
Calculate (-14 + 56 - (-4 + -3)) + (-5 - -4) + -1.
47
Evaluate -81 - (-46 + -33 - 1).
-1
Evaluate -338 - -347 - ((-13 - -12) + -37 + -2).
49
What is the value of 6 + 3 + -1 - 3 - -4 - (-51 - -38)?
22
What is the value of -7 + (42 + -13 - 13) + 18 + -4 + 3?
26
-1 - 15 - (-33 + 12) - (9 + 0)
-4
Calculate 3 + 15 - (-8 - -10 - 12).
28
What is the value of (83 - (2 + 17)) + (-15 - -10)?
59
What is (0 - 90) + (21273 - 21217)?
-34
-57 + (-3 - (-6 - (-2 + -4))) - -14
-46
35 + -1 + (105 - (-31 + 82))
88
Calculate -123 + 107 + 2 + 1 + -26.
-39
Calculate -21 + (7 - 31) + 15 - (-9 - 0).
-21
Evaluate (-5 - (2 - 3)) + (-2 - -11 - (295 + -287)).
-3
What is -15 + (90 - (-34 + 79))?
30
Calculate -92 + -71 + (-129 - -273).
-19
What is -23 + 9 + 25 + 8 + -7 + -50?
-38
Calculate (-4 - 1) + -47 + (78 - (11 - -28)).
-13
(-17 - 6 - -10 - ((-6 - -7) + -20)) + 11
17
What is -3 - -12 - ((2 - 3 - (37 - -7)) + 7)?
47
Calculate 154 + (13 - 47) + -35.
85
(-14 + 21 - (14 - -1)) + 50
42
Evaluate (110 - 15 - 8) + -88.
-1
Calculate (-2 - (0 + 1)) + -44 - (40 - (32 + 21)).
-34
What is 87 - (-79 - -108) - (0 + 25)?
33
Calculate 8 - 0 - ((-13 + 0 - -13) + -12).
20
Evaluate 27 + 13 + -153 - -87.
-26
Evaluate 460 + -467 - (-18 + 3).
8
Calculate (78 - 84) + (-42 - -96) + (0 - (0 - -4)).
44
0 - (-5 - 4) - 2 - ((-1 - 47) + 39)
16
-12 + 21 + 26 - -13 - (6 + 5)
37
Calculate -13 + -3 + -20 + -65 + 113.
12
What is the value of 5 + (-5 - -25) + -35?
-10
Calculate 63 + (26 - 88) + (-17 - -5 - -7).
-4
-12 - (9 + -2 + -1 - (4 - (0 + -5)))
-9
What is the value of -90 - 7 - (-45 + -59 + 85)?
-78
What is the value of (-15 - -11 - -10) + 5 + -23 + 54?
42
Evaluate -1 + 46 + -93 - -54.
6
-74 - (46 - (79 + 14))
-27
9 + (26 - (17 - 46 - -97))
-33
What is the value of 1154 - 1153 - (3 + (-2 - 0)) - (-2 - -74)?
-72
What is -2 - -40 - ((36 - 117) + 95)?
24
What is 6 - (-2 - 64) - 23?
49
What is the value of 20 + -1 + -10 + -27 + 7 + -5?
-16
What is the value of (-29 + (-82 - -133) - (0 + 45)) + -1 + -10?
-34
What is the value of 2 + 0 + 1 + 16 + -50 + 11 + 19?
-1
Calculate -21 + (62 - 21) - 24 - 0.
-4
Evaluate (31 - 15) + 46 + -2.
60
What is -48 - (125 + -140) - (-1 - 43)?
11
Evaluate (-5 + 9 - -33) + 1859 + -2008.
-112
What is the value of 16 - (-45 + 85 + -28)?
4
What is the value of (4 - 1) + 2 + (58 - 56) + -23?
-16
What is the value of (-178 - -50 - -203) + -27?
48
Calculate (71 - 62) + -13 + 2.
-2
Evaluate -5 + 24 + -60 + 6 + -35.
-70
(-3 - 0 - (-488 + 506)) + 2 + -24
-43
Evaluate 1 - -95 - ((-75 - -84) + -2).
89
What is (1 + 2 - (-4 + 7)) + (2 - 52) + 28?
-22
What is 53 - -1 - (-22862 + 23056)?
-140
Evaluate 43 + (-86 - (-94 + 38)).
13
What is the value of -8 - (14 - (3 - (-27 - 12)))?
20
What is 133 + -16 - (20 - -1 - (335 - 318))?
113
Evaluate -42 + (36 - (-78 - -72)).
0
What is 7 + (-1 + 7 - (-63 - -12))?
64
Calculate 5 + -7 - -13 - (15 - 45).
41
Evaluate 0 + 27 - (8 - (-11 + 5 + 7)).
20
What is -1 - -10 - 9 - (5 - 14) - -18?
27
What is the value of (-72 - -78) + -3 + -60 + -17 - -7?
-67
What is -36 + 25 + 128 + -16 - (-11 + -2 + 6)?
108
53 - (103 - (69 - 64))
-45
What is (6 - 1 - 9 - 4) + (25 - 21) + 84?
80
What is -22 + -1 - (-7 - (-22 - -30 - 18))?
-26
-30 + (64 - (-34 - -68))
0
Evaluate 34 - (4 + -7) - 44 - (72 - -3).
-82
Evaluate (-2 - -1) + 26 + -2 + -19 + -56.
-52
What is the value of (-51 - -12) + -207 + 217?
-29
Evaluate -20 - (-198 + 216 + (2 - 0)).
-40
50 + 80 + -134 + 15 + -1
10
What is -64 + (49 - 92) - -83?
-24
Evaluate (8 - (16 + -90 - -1 - 7)) + -8 + 2.
82
Evaluate -13 + -6 + 43 + -39.
-15
91 + -13 + -4 + (77 - 36)
115
What is the value of 1 + (8 - -2) + -4 - 11 - -5?
1
Calculate -32 + -3 + -2 - (347 + -363) - 10.
-31
What is the value of 81 + (-58 - -40) + 16?
79
Evaluate 9 + (-13 + 25 - -17) - (-9 + 2).
45
Evaluate 4 + (-69 + (-52 - -99) - (0 - -3 - -7)).
-28
119 + -1 + (-12714 - -12685)
89
Calculate (-5 - 21 - -6) + (-13 + 13 - -4).
-16
What is (15 - 8 - ((-96 - -107) + 7 + -1)) + 4?
-6
What is the value of -12 + (11 - 24 - -14) - (2 - -18)?
-31
What is the value of -63 - (-72 + 62 + -33)?
-20
What is the value of -6 + -8 + 29 + -52 + 41 + 0 + -1?
3
What is (4 - 19